se 5, what is -1 - -33244?
33243
In base 7, what is -3310 - 2?
-3312
In base 11, what is 32 - -6?
38
In base 11, what is -1 - 240?
-241
In base 16, what is -3 - 4f0?
-4f3
In base 6, what is -44 - 3?
-51
In base 13, what is 32b - -9?
337
In base 16, what is -5 - 11?
-16
In base 9, what is 6 - 1315?
-1308
In base 11, what is a14 - -1?
a15
In base 11, what is -12 + 25?
13
In base 5, what is -3 - -1232?
1224
In base 5, what is -1 - -130?
124
In base 10, what is 6 + -6?
0
In base 4, what is 11 - -210?
221
In base 3, what is 2 - -10221?
11000
In base 7, what is 3 + -6554?
-6551
In base 7, what is -103 - 1?
-104
In base 4, what is 0 + -31203?
-31203
In base 9, what is 358 + 1?
360
In base 14, what is -d - 5?
-14
In base 4, what is -212 - -2?
-210
In base 13, what is 7c + 73?
122
In base 7, what is 220 - 3?
214
In base 9, what is -7 + -106?
-114
In base 6, what is 11 - -44?
55
In base 12, what is 0 + 898?
898
In base 2, what is 100 - -11110111?
11111011
In base 14, what is -b9 - 4?
-bd
In base 5, what is 3240 + -14?
3221
In base 3, what is 20202111 + -1?
20202110
In base 15, what is -1c - -3?
-19
In base 2, what is -101 - 11000001?
-11000110
In base 8, what is -2 - 36?
-40
In base 14, what is -5 + -16a?
-171
In base 3, what is 1020 + 22?
1112
In base 3, what is 202211 + -10?
202201
In base 4, what is -1202 + 100?
-1102
In base 7, what is -3336 - 5?
-3344
In base 2, what is -10001011 + -10?
-10001101
In base 9, what is 3 - 174?
-171
In base 2, what is -100 + 1010110?
1010010
In base 7, what is 156 + -1?
155
In base 14, what is -1d + 24?
5
In base 13, what is -5 + 9?
4
In base 8, what is -6 + 10?
2
In base 5, what is -1 + -130?
-131
In base 6, what is 4 + 10140?
10144
In base 6, what is -20043 - -3?
-20040
In base 5, what is 12 + 123?
140
In base 8, what is -4 - 43?
-47
In base 2, what is 101111 - -111?
110110
In base 6, what is -43 - -10235?
10152
In base 13, what is -88 - -3a?
-4b
In base 15, what is -6 - -2d?
27
In base 9, what is 136 + 12?
148
In base 5, what is -322 + -10?
-332
In base 4, what is -3 - -1133?
1130
In base 4, what is 3 - 202301?
-202232
In base 9, what is -5 - -740?
734
In base 9, what is -4546 - 5?
-4552
In base 8, what is 265 + -3?
262
In base 16, what is -3 - -a45?
a42
In base 6, what is -3 + -1222?
-1225
In base 11, what is -3 + 303?
300
In base 12, what is 4 - -97?
9b
In base 5, what is -43 - 1042?
-1140
In base 7, what is 46 + 4?
53
In base 12, what is 1 + 198?
199
In base 9, what is -1 - -11370?
11368
In base 12, what is -7 + -bba?
-1005
In base 7, what is -10 - -313?
303
In base 13, what is -5491 + 3?
-548b
In base 11, what is 3a + -29?
11
In base 11, what is -a - -17?
8
In base 11, what is -4 - 2a0?
-2a4
In base 14, what is -4 - -14a?
146
In base 4, what is 2 + -221131?
-221123
In base 2, what is 11100 + 101?
100001
In base 16, what is -1 - -c8?
c7
In base 9, what is 43 - -26?
70
In base 7, what is 3 - 1041?
-1035
In base 6, what is 5 + 1030?
1035
In base 4, what is 0 - -233?
233
In base 12, what is 140 + -1?
13b
In base 2, what is -100101 - 1001?
-101110
In base 5, what is -4 + -241210?
-241214
In base 4, what is 1200233 + 1?
1200300
In base 15, what is 17 + -366?
-34e
In base 10, what is -2 - 116?
-118
In base 15, what is 48b - 3?
488
In base 12, what is -7 + 49?
42
In base 9, what is -240 - -1?
-238
In base 5, what is -2114 - 12?
-2131
In base 3, what is -102 - 111?
-220
In base 4, what is -123303 + 2?
-123301
In base 8, what is 5 + 5007?
5014
In base 5, what is -11 + 3?
-3
In base 3, what is 12 + 220100?
220112
In base 16, what is -2 + -c50?
-c52
In base 9, what is -62185 + 1?
-62184
In base 11, what is -17 - -49a?
483
In base 6, what is -1505 + -4?
-1513
In base 14, what is -9c - 41?
-dd
In base 8, what is -3023 + -3?
-3026
In base 16, what is 8 + 2b9?
2c1
In base 12, what is 4 + 58?
60
In base 15, what is -424 - -6?
-41d
In base 11, what is -31 - a5?
-126
In base 11, what is 2 + -44?
-42
In base 7, what is -252 + -44?
-326
In base 7, what is -3 - -32?
26
In base 8, what is -2 + 36?
34
In base 6, what is 1002 - 214?
344
In base 5, what is 10 - 21320?
-21310
In base 15, what is 2 + -103?
-101
In base 16, what is -69 - 5?
-6e
In base 7, what is -2200 - -5?
-2162
In base 11, what is 6 - 5?
1
In base 9, what is -73 - -1?
-72
In base 14, what is -4 + c5?
c1
In base 4, what is -1103 + -221?
-1330
In base 3, what is 0 + 1121?
1121
In base 4, what is -3 + -113321?
-113330
In base 6, what is -41 - 1?
-42
In base 5, what is -200 + 4?
-141
In base 8, what is 154 - 4?
150
In base 13, what is b - -14?
22
In base 4, what is 133 + -12?
121
In base 9, what is 2 + -474?
-472
In base 5, what is 3220 + -34?
3131
In base 16, what is 6d - 7?
66
In base 12, what is -1033 + 0?
-1033
In base 6, what is 2555 + -1?
2554
In base 10, what is 4 - 993?
-989
In base 13, what is -2a4 - -4?
-2a0
In base 5, what is 14211 + 1?
14212
In base 7, what is 143 - -2?
145
In base 4, what is -20201 - 1?
-20202
In base 9, what is -7 - 4?
-12
In base 6, what is -2 - 340?
-342
In base 3, what is 1122 - -1?
1200
In base 2, what is 100110110 + -1111?
100100111
In base 4, what is -10 - 0?
-10
In base 4, what is 3022003 + -2?
3022001
In base 6, what is 3 - -3401?
3404
In base 8, what is 2155 - 0?
2155
In base 11, what is 80 - 7?
74
In base 15, what is 4 - -33?
37
In base 16, what is 291 - -5?
296
In base 4, what is 1221 - 110?
1111
In base 11, what is 4720 - -3?
4723
In base 12, what is 5 - -70?
75
In base 5, what is -3030 + 3?
-3022
In base 15, what is 12 + -5?
c
In base 13, what is -16 - 1?
-17
In base 16, what is 9 + 603?
60c
In base 16, what is 4 + 3d0?
3d4
In base 4, what is -11022 + 3?
-11013
In base 14, what is -274d + -1?
-2750
In base 15, what is 145 - -6?
14b
In base 5, what is 0 - 411?
-411
In base 15, what is -5 - 2a9?
-2ae
In base 14, what is 24c5 + -2?
24c3
In base 3, what is 20112 + -102?
20010
In base 9, what is -3 - -7844?
7841
In base 6, what is 2 + 1551?
1553
In base 10, what is 2 - 3895?
-3893
In base 10, what is 5 - -1035?
1040
In base 15, what is 5 + 23?
28
In base 6, what is -52 + 4?
-44
In base 15, what is -1c + 4c?
30
In base 8, what is -2 + -1?
-3
In base 14, what is 4a - 2?
48
In base 7, what is -166 + -2?
-201
In base 16, what is -49bd + -1?
-49be
In base 10, what is -28198 + -2?
-28200
In base 9, what is 24 - 41?
-16
In base 9, what is -1325 + 0?
-1325
In base 15, what is -10 + 66?
56
In base 11, what is 6 + -613?
-608
In base 7, what is 523 + -63?
430
In base 10, what is 41 + -45?
-4
In base 8, what is 0 + 14?
14
In base 10, what is 5 + -7?
-2
In base 11, what is -257 + 3?
-254
In base 4, what is -1000 - 213?
-1213
In base 12, what is -564 + -5?
-569
In base 12, what is 23 + -6?
19
In base 15, what is -6 + -5c?
-63
In base 15, what is 0 - -1c7d?
1c7d
In base 7, what is 0 - -1632?
1632
In base 7, what is 5 - 256?
-251
In base 9, what is -80 - 6?
-86
In base 14, what is 3 - 3?
0
In base 13, what is 14 + 166?
17a
In base 14, what is 1 - 20?
-1d
In base 12, what is 6 - -3?
9
In base 8, what is -50 - 0?
-50
In base 6, what is -150 - -2233?
2043
In base 8, what is 4 - -254?
260
In base 6, what is -1 + -3?
-4
In base 9, what is -5 + -78?
-84
In base 10, what is 12 + 11?
23
In base 16, what is 7f + 3?
82
In base 14, what is -19 + 5?
-14
In base 8, what is -74 - 166?
-262
In base 6, what is 11 - -33?
44
In base 11, what is -2 + 212?
210
In base 2, what is -1100110 + 1100?
-1011010
In base 8, what is 4 + 0?
4
In base 13, what is cb2 + 5?
cb7
In base 9, what is 2 + 87?
100
In base 9, what is -6 + -508?
-515
In base 14, what is -2b + -69?
-96
In base 11, what is 3 - 3a?
-37
In base 3, what is 1102 + 21?
1200
In base 13, what is 4b + -5?
46
In base 3, what is -12 - -222200?
222111
In base 10, what is -130 + -4?
-134
In base 11, what is 6194 + 0?
6194
In base 5, what is -434 + -10?
-444
In base 12, what is -9 + 735?
728
In base 6, what is 13 + -1150?
-1133
In base 5, what is -344330 - 2?
-344332
In base 12, what is 2 - -13?
15
In base 6, what is 3 + 5111?
5114
In base 6, what is 1432 - -3?
1435
In base 14, what is -57c + 5?
-577
In base 3, what is 12011 + -11?
12000
In base 13, what is 10 - 3?
a
In base 14, what is -13 + -d?
-22
In base 9, what is -45 - -320?
264
In base 7, what is 10045 + 2?
10050
In base 13, what is 0 + 23?
23
In base 2, what is 